8696755 a multiple of 8?
False
Is 1010 a factor of 15033850?
True
Is 125846640 a multiple of 240?
True
Does 255 divide 30535925?
False
Does 383 divide 146090371?
True
Does 39 divide 16304964?
True
Does 245 divide 1734600?
True
Is 174804330 a multiple of 10?
True
Does 385 divide 470128555?
False
Is 23707611 a multiple of 15?
False
Is 901203212 a multiple of 133?
True
Is 916600483 a multiple of 86?
False
Does 55 divide 88421209?
False
Is 1794454 a multiple of 71?
True
Does 1427 divide 56066830?
True
Is 594 a factor of 569687580?
True
Is 1586 a factor of 1601047968?
True
Is 644358 a multiple of 22?
True
Is 210213705 a multiple of 195?
True
Does 23 divide 114407384?
False
Is 191391143 a multiple of 5512?
False
Does 22 divide 89138148?
True
Is 35233842 a multiple of 49?
True
Is 537332808 a multiple of 46?
True
Does 4 divide 146587424?
True
Is 41081216 a multiple of 103?
False
Is 33 a factor of 169191542?
False
Is 2657 a factor of 220788729?
True
Does 1487 divide 44367619?
True
Is 6241 a factor of 940866232?
False
Does 26 divide 2016543490?
True
Is 6009 a factor of 1886014785?
True
Does 259 divide 168832121?
False
Is 1624 a factor of 1594504912?
True
Is 828148838 a multiple of 622?
True
Does 310 divide 9208550?
True
Is 964 a factor of 123514802?
False
Is 50543918 a multiple of 1061?
True
Does 885 divide 41189670?
True
Is 275 a factor of 14012780?
False
Is 253991258 a multiple of 8?
False
Does 208 divide 9370190?
False
Is 4219796077 a multiple of 3907?
False
Is 84 a factor of 2333877840?
True
Is 1565476690 a multiple of 12230?
True
Is 2 a factor of 8143573?
False
Is 16 a factor of 279363748?
False
Is 13 a factor of 144284047?
False
Does 26 divide 250087214?
True
Is 2509 a factor of 999374844?
True
Does 939 divide 6642508?
False
Is 54303859 a multiple of 72?
False
Is 6 a factor of 463234613?
False
Is 495989576 a multiple of 3384?
False
Does 1020 divide 330049317?
False
Is 1057 a factor of 127648605?
True
Is 484554725 a multiple of 172?
False
Is 638 a factor of 127623606?
True
Does 125 divide 123580625?
True
Does 7 divide 697881744?
True
Is 72749098 a multiple of 5?
False
Does 262 divide 26745668?
False
Does 21 divide 8629718?
False
Does 128 divide 34568960?
True
Does 4420 divide 39408720?
True
Does 18 divide 117686337?
False
Is 10 a factor of 17869269?
False
Is 31406415 a multiple of 2037?
False
Is 771913549 a multiple of 9?
False
Is 16333677 a multiple of 98?
False
Is 717 a factor of 2554556280?
True
Is 34041338 a multiple of 398?
True
Is 39892243 a multiple of 121?
False
Is 13010323 a multiple of 80?
False
Is 4425 a factor of 197545364?
False
Is 142 a factor of 111559460?
True
Does 52 divide 342160?
True
Is 254 a factor of 3053842?
True
Is 366244044 a multiple of 4991?
False
Is 1619370179 a multiple of 79?
False
Does 45 divide 12048900?
False
Is 3775317324 a multiple of 87?
True
Does 3 divide 8072145?
True
Does 131 divide 91074475?
True
Is 7734852 a multiple of 162?
True
Is 873334080 a multiple of 2556?
True
Does 26 divide 51887836?
True
Is 367 a factor of 11940712?
True
Is 23652119 a multiple of 23?
True
Is 2071382496 a multiple of 12?
True
Is 5612 a factor of 637820636?
True
Is 45891509 a multiple of 1134?
False
Is 5010 a factor of 2996586210?
True
Is 22 a factor of 8753175?
False
Is 10 a factor of 1408084730?
True
Is 9333 a factor of 931872051?
True
Is 13791280 a multiple of 6?
False
Is 90268171 a multiple of 59?
True
Is 19 a factor of 13460866?
False
Is 586 a factor of 53195994?
False
Is 19 a factor of 285973370?
True
Is 9 a factor of 342231312?
False
Is 307805488 a multiple of 79?
True
Is 85 a factor of 97071700?
True
Is 194114232 a multiple of 312?
True
Is 72828319 a multiple of 661?
True
Does 1008 divide 727030080?
True
Is 9 a factor of 294698137?
False
Is 21 a factor of 9180570?
True
Is 701363730 a multiple of 10?
True
Does 10 divide 83250540?
True
Is 91 a factor of 14103271?
True
Is 11059455 a multiple of 97?
True
Is 19195427 a multiple of 32?
False
Is 964 a factor of 146019101?
False
Is 16 a factor of 5228100752?
True
Is 2144775632 a multiple of 19?
True
Is 4102149 a multiple of 2?
False
Is 98939320 a multiple of 415?
True
Is 286028088 a multiple of 47?
True
Is 52977545 a multiple of 1101?
False
Does 61 divide 1850357?
False
Is 3030 a factor of 313346026?
False
Does 708 divide 204074237?
False
Is 200634462 a multiple of 2611?
True
Does 9 divide 128479834?
False
Is 6 a factor of 4131492?
True
Is 1139 a factor of 14519428?
False
Does 53 divide 30230617?
True
Does 94 divide 2306666?
True
Is 631 a factor of 41418840?
True
Is 836 a factor of 963800156?
True
Does 12 divide 48301488?
True
Is 205 a factor of 119778425?
True
Is 27 a factor of 78828822?
True
Does 5 divide 76379942?
False
Is 367940018 a multiple of 958?
True
Is 5852727837 a multiple of 10593?
True
Is 86 a factor of 56091993?
False
Is 90434955 a multiple of 949?
True
Does 2093 divide 2814637098?
True
Is 81 a factor of 124813265?
False
Does 6084 divide 74259616?
False
Is 1640222839 a multiple of 2881?
False
Does 12 divide 44062152?
True
Is 126081380 a multiple of 83?
False
Is 2226 a factor of 149980757?
False
Does 22 divide 73479703?
False
Is 1104996158 a multiple of 158?
False
Does 161 divide 15917426?
True
Is 9 a factor of 619262190?
True
Does 7105 divide 228757175?
False
Is 468 a factor of 27576986?
False
Is 474758128 a multiple of 8?
True
Does 160 divide 136851200?
True
Is 5567075 a multiple of 12?
False
Is 6 a factor of 49012638?
True
Is 146043324 a multiple of 567?
True
Is 3 a factor of 170328751?
False
Is 74981491 a multiple of 21?
False
Is 51729600 a multiple of 10?
True
Does 9 divide 13691367?
True
Does 39 divide 564422196?
True
Is 30 a factor of 422061424?
False
Does 8 divide 925573970?
False
Is 847712768 a multiple of 256?
True
Is 435016007 a multiple of 164?
False
Does 106 divide 51534232?
True
Is 2154345 a multiple of 22?
False
Is 94733874 a multiple of 11?
False
Is 231 a factor of 425093039?
False
Is 7279 a factor of 784865454?
True
Is 907893360 a multiple of 3240?
True
Is 546 a factor of 570964212?
True
Is 102712779 a multiple of 27?
True
Is 91853361 a multiple of 2648?
False
Is 125 a factor of 51218600?
False
Is 7 a factor of 629109?
False
Does 51 divide 23145738?
True
Is 40 a factor of 525066829?
False
Is 35616084 a multiple of 12?
True
Does 9106 divide 2933635320?
False
Does 1349 divide 228196840?
True
Is 385 a factor of 632693146?
False
Does 1410 divide 6624591?
False
Is 67 a factor of 38222361?
True
Is 143376226 a multiple of 386?
True
Does 3290 divide 795396980?
True
Is 51 a factor of 109832376?
True
Is 7761547 a multiple of 2?
False
Does 2701 divide 47747235?
False
Does 54 divide 333904771?
False
Does 8 divide 78376498?
False
Does 19 divide 21749210?
False
Is 42865726 a multiple of 114?
False
Is 109322676 a multiple of 212?
True
Is 176 a factor of 1157153445?
False
Does 4 divide 528523380?
True
Does 396 divide 298105632?
True
Is 22 a factor of 995413094?
False
Does 20 divide 115689596?
False
Is 2550 a factor of 3028222770?
False
Does 14 divide 147767785?
False
Is 1280113320 a multiple of 6?
True
Does 290 divide 7180615?
False
Is 14 a factor of 174957454?
True
Is 495462555 a multiple of 315?
True
Is 3554130891 a multiple of 4062?
False
Is 110560874 a multiple of 10?
False
Is 609 a factor of 429047199?
True
Is 14 a factor of 408965535?
False
Is 603511765 a multiple of 10?
False
Is 176 a factor of 1620072832?
False
Does 8 divide 3993440?
True
Does 16 divide 18725797?
False
Is 259 a factor of 9028481?
True
Is 1422 a factor of 59301726?
False
Is 7 a factor of 94859883?
False
Does 16 divide 13427776?
True
Is 40 a factor of 115939916?
False
Does 2460 divide 69598320?
True
Is 14002065 a multiple of 135?
True
Does 1548 divide 268463448?
True
Is 33 a factor of 26981909?
False
Is 699 a factor of 103975069?
False
Does 360 divide 12109392?
False
Is 3765 a factor of 25267359?
False
Is 10 a factor of 241391292?
False
Does 14 divide 758251116?
True
Is 20761078 a multiple of 36?
False
Is 5637 a factor of 779247606?
True
Is 12 a factor of 24216767?
False
Is 163 a factor of 35384366?
True
Does 894 divide 69523669?
False
Does 6 divide 33925368?
True
Is 2411630266 a multiple of 2601?
False
Does 8 divide 11745384?
True
Is 1409838449 a multiple of 791?
False
Is 2303784360 a multipl